{"id":57,"date":"2024-02-20T22:10:23","date_gmt":"2024-02-20T22:10:23","guid":{"rendered":"http:\/\/cnyf.com.ar\/noticias\/?page_id=57"},"modified":"2024-02-20T22:35:31","modified_gmt":"2024-02-20T22:35:31","slug":"encuesta-de-calidad","status":"publish","type":"page","link":"https:\/\/cnyf.com.ar\/noticias\/encuesta-de-calidad\/","title":{"rendered":"Encuesta de Calidad"},"content":{"rendered":"\n<p>Solicitamos a Ud. Informarnos como ha sido la atenci\u00f3n dispensada durante su estad\u00eda en<br>esta Cl\u00ednica.<br>La encuesta est\u00e1 dise\u00f1ada para mejorar la calidad de nuestra atenci\u00f3n y servicios.<br>Su opini\u00f3n es muy importante<\/p>\n\n\n\n<p><\/p>\n\n\n<div class=\"frm_forms  with_frm_style frm_style_estilos-formidable\" id=\"frm_form_2_container\" data-token=\"2865525fc3cc022d5585c4ba9f151289\">\n<form enctype=\"multipart\/form-data\" method=\"post\" class=\"frm-show-form  frm_pro_form \" id=\"form_encuesta-de-calidad\"  data-token=\"2865525fc3cc022d5585c4ba9f151289\">\n<div class=\"frm_form_fields \">\n<fieldset>\n<legend class=\"frm_screen_reader\">encuesta de calidad<\/legend>\r\n\r\n<div class=\"frm_fields_container\">\n<input type=\"hidden\" name=\"frm_action\" value=\"create\" \/>\n<input type=\"hidden\" name=\"form_id\" value=\"2\" \/>\n<input type=\"hidden\" name=\"frm_hide_fields_2\" id=\"frm_hide_fields_2\" value=\"\" \/>\n<input type=\"hidden\" name=\"form_key\" value=\"encuesta-de-calidad\" \/>\n<input type=\"hidden\" name=\"item_meta[0]\" value=\"\" \/>\n<input type=\"hidden\" id=\"frm_submit_entry_2\" name=\"frm_submit_entry_2\" value=\"e916ab4b54\" \/><input type=\"hidden\" name=\"_wp_http_referer\" value=\"\/noticias\/wp-json\/wp\/v2\/pages\/57\" \/><div id=\"frm_field_6_container\" class=\"frm_form_field form-field  frm_required_field frm_top_container frm6 frm_first\">\r\n    <label for=\"field_7p65u\" id=\"field_7p65u_label\" class=\"frm_primary_label\">Nombre y Apellido\r\n        <span class=\"frm_required\" aria-hidden=\"true\">*<\/span>\r\n    <\/label>\r\n    <input type=\"text\" id=\"field_7p65u\" name=\"item_meta[6]\" value=\"\"  data-reqmsg=\"Este campo no puede estar en blanco.\" aria-required=\"true\" data-invmsg=\"Texto no es v\u00e1lido\" aria-invalid=\"false\"  \/>\r\n    \r\n    \r\n<\/div>\n<div id=\"frm_field_8_container\" class=\"frm_form_field form-field  frm_top_container frm6\">\r\n    <label for=\"field_5kunv\" id=\"field_5kunv_label\" class=\"frm_primary_label\">N\u00b0 de habitaci\u00f3n \/  poner \u00abNO\u00bb sino se interno\r\n        <span class=\"frm_required\" aria-hidden=\"true\"><\/span>\r\n    <\/label>\r\n    <input type=\"text\" id=\"field_5kunv\" name=\"item_meta[8]\" value=\"\"  data-invmsg=\"Texto no es v\u00e1lido\" aria-invalid=\"false\"  \/>\r\n    \r\n    \r\n<\/div>\n<div id=\"frm_field_25_container\" class=\"frm_form_field form-field  frm_top_container frm6 frm_first\">\n    <label for=\"field_zhnai\" id=\"field_zhnai_label\" class=\"frm_primary_label\">Tel\u00e9fono\n        <span class=\"frm_required\" aria-hidden=\"true\"><\/span>\n    <\/label>\n    <input type=\"tel\" id=\"field_zhnai\" name=\"item_meta[25]\" value=\"\"  data-invmsg=\"Tel\u00e9fono no es v\u00e1lido\" aria-invalid=\"false\" pattern=\"((\\+\\d{1,3}(-|.| )?\\(?\\d\\)?(-| |.)?\\d{1,5})|(\\(?\\d{2,6}\\)?))(-|.| )?(\\d{3,4})(-|.| )?(\\d{4})(( x| ext)\\d{1,5}){0,1}$\"  \/>\n    \n    \n<\/div>\n<div id=\"frm_field_26_container\" class=\"frm_form_field form-field  frm_top_container frm6\">\n    <label for=\"field_bzuwn\" id=\"field_bzuwn_label\" class=\"frm_primary_label\">Correo electr\u00f3nico\n        <span class=\"frm_required\" aria-hidden=\"true\"><\/span>\n    <\/label>\n    <input type=\"email\" id=\"field_bzuwn\" name=\"item_meta[26]\" value=\"\"  data-invmsg=\"Correo electr\u00f3nico no es v\u00e1lido\" aria-invalid=\"false\"  \/>\n    \n    \n<\/div>\n<div id=\"frm_field_23_container\" class=\"frm_form_field form-field  frm_top_container\">\n    <label for=\"field_a3n0t\" id=\"field_a3n0t_label\" class=\"frm_primary_label\">Selecciona atenci\u00f3n\n        <span class=\"frm_required\" aria-hidden=\"true\"><\/span>\n    <\/label>\n    \t\t<select name=\"item_meta[23]\" id=\"field_a3n0t\"  data-placeholder=\"Select an option\"  data-frmval=\"Guardia\" data-invmsg=\"Selecciona atenci\u00f3n no es v\u00e1lido\" aria-invalid=\"false\"  >\n\t\t<option  value=\"Guardia\" selected='selected'>Guardia<\/option><option  value=\"Consultorio\">Consultorio<\/option><option  value=\"Internaci\u00f3n\">Internaci\u00f3n<\/option>\t<\/select>\n\t\n    \n    \n<\/div>\n<div id=\"frm_field_10_container\" class=\"frm_form_field form-field  frm_required_field frm_top_container frm6 frm_first vertical_radio\">\r\n    <div  id=\"field_b5919_label\" class=\"frm_primary_label\">Atenci\u00f3n Administrativa  y Recepci\u00f3n\r\n        <span class=\"frm_required\" aria-hidden=\"true\">*<\/span>\r\n    <\/div>\r\n    <div class=\"frm_opt_container\" aria-labelledby=\"field_b5919_label\" role=\"radiogroup\" aria-required=\"true\">\t\t<div class=\"frm_radio\" id=\"frm_radio_10-0\"><label for=\"field_b5919-0\">\t\t<input type=\"radio\" name=\"item_meta[10]\" id=\"field_b5919-0\" value=\"Muy Buena\"\n\t\t   data-reqmsg=\"Este campo no puede estar en blanco.\" data-invmsg=\"Atenci\u00f3n Administrativa  y Recepci\u00f3n no es v\u00e1lido\" aria-invalid=\"false\"  \/> Muy Buena<\/label><\/div>\n\t\t<div class=\"frm_radio\" id=\"frm_radio_10-1\"><label for=\"field_b5919-1\">\t\t<input type=\"radio\" name=\"item_meta[10]\" id=\"field_b5919-1\" value=\"Buena\"\n\t\t   data-reqmsg=\"Este campo no puede estar en blanco.\" data-invmsg=\"Atenci\u00f3n Administrativa  y Recepci\u00f3n no es v\u00e1lido\" aria-invalid=\"false\"  \/> Buena<\/label><\/div>\n\t\t<div class=\"frm_radio\" id=\"frm_radio_10-2\"><label for=\"field_b5919-2\">\t\t<input type=\"radio\" name=\"item_meta[10]\" id=\"field_b5919-2\" value=\"Regular\"\n\t\t   data-reqmsg=\"Este campo no puede estar en blanco.\" data-invmsg=\"Atenci\u00f3n Administrativa  y Recepci\u00f3n no es v\u00e1lido\" aria-invalid=\"false\"  \/> Regular<\/label><\/div>\n\t\t<div class=\"frm_radio\" id=\"frm_radio_10-3\"><label for=\"field_b5919-3\">\t\t<input type=\"radio\" name=\"item_meta[10]\" id=\"field_b5919-3\" value=\"Mala\"\n\t\t   data-reqmsg=\"Este campo no puede estar en blanco.\" data-invmsg=\"Atenci\u00f3n Administrativa  y Recepci\u00f3n no es v\u00e1lido\" aria-invalid=\"false\"  \/> Mala<\/label><\/div>\n<\/div>\r\n    \r\n    \r\n<\/div>\n<div id=\"frm_field_11_container\" class=\"frm_form_field form-field  frm_required_field frm_top_container frm6 vertical_radio\">\r\n    <div  id=\"field_ub8tg_label\" class=\"frm_primary_label\">Atenci\u00f3n M\u00e9dica\r\n        <span class=\"frm_required\" aria-hidden=\"true\">*<\/span>\r\n    <\/div>\r\n    <div class=\"frm_opt_container\" aria-labelledby=\"field_ub8tg_label\" role=\"radiogroup\" aria-required=\"true\">\t\t<div class=\"frm_radio\" id=\"frm_radio_11-0\"><label for=\"field_ub8tg-0\">\t\t<input type=\"radio\" name=\"item_meta[11]\" id=\"field_ub8tg-0\" value=\"Muy Buena\"\n\t\t   data-reqmsg=\"Este campo no puede estar en blanco.\" data-invmsg=\"Atenci\u00f3n M\u00e9dica no es v\u00e1lido\" aria-invalid=\"false\"  \/> Muy Buena<\/label><\/div>\n\t\t<div class=\"frm_radio\" id=\"frm_radio_11-1\"><label for=\"field_ub8tg-1\">\t\t<input type=\"radio\" name=\"item_meta[11]\" id=\"field_ub8tg-1\" value=\"Buena\"\n\t\t   data-reqmsg=\"Este campo no puede estar en blanco.\" data-invmsg=\"Atenci\u00f3n M\u00e9dica no es v\u00e1lido\" aria-invalid=\"false\"  \/> Buena<\/label><\/div>\n\t\t<div class=\"frm_radio\" id=\"frm_radio_11-2\"><label for=\"field_ub8tg-2\">\t\t<input type=\"radio\" name=\"item_meta[11]\" id=\"field_ub8tg-2\" value=\"Regular\"\n\t\t   data-reqmsg=\"Este campo no puede estar en blanco.\" data-invmsg=\"Atenci\u00f3n M\u00e9dica no es v\u00e1lido\" aria-invalid=\"false\"  \/> Regular<\/label><\/div>\n\t\t<div class=\"frm_radio\" id=\"frm_radio_11-3\"><label for=\"field_ub8tg-3\">\t\t<input type=\"radio\" name=\"item_meta[11]\" id=\"field_ub8tg-3\" value=\"Mala\"\n\t\t   data-reqmsg=\"Este campo no puede estar en blanco.\" data-invmsg=\"Atenci\u00f3n M\u00e9dica no es v\u00e1lido\" aria-invalid=\"false\"  \/> Mala<\/label><\/div>\n<\/div>\r\n    \r\n    \r\n<\/div>\n<div id=\"frm_field_13_container\" class=\"frm_form_field form-field  frm_required_field frm_top_container frm6 frm_first vertical_radio\">\r\n    <div  id=\"field_ssyat_label\" class=\"frm_primary_label\">Atenci\u00f3n Enfermer\u00eda\r\n        <span class=\"frm_required\" aria-hidden=\"true\">*<\/span>\r\n    <\/div>\r\n    <div class=\"frm_opt_container\" aria-labelledby=\"field_ssyat_label\" role=\"radiogroup\" aria-required=\"true\">\t\t<div class=\"frm_radio\" id=\"frm_radio_13-0\"><label for=\"field_ssyat-0\">\t\t<input type=\"radio\" name=\"item_meta[13]\" id=\"field_ssyat-0\" value=\"Muy Buena\"\n\t\t   data-reqmsg=\"Este campo no puede estar en blanco.\" data-invmsg=\"Atenci\u00f3n Enfermer\u00eda no es v\u00e1lido\" aria-invalid=\"false\"  \/> Muy Buena<\/label><\/div>\n\t\t<div class=\"frm_radio\" id=\"frm_radio_13-1\"><label for=\"field_ssyat-1\">\t\t<input type=\"radio\" name=\"item_meta[13]\" id=\"field_ssyat-1\" value=\"Buena\"\n\t\t   data-reqmsg=\"Este campo no puede estar en blanco.\" data-invmsg=\"Atenci\u00f3n Enfermer\u00eda no es v\u00e1lido\" aria-invalid=\"false\"  \/> Buena<\/label><\/div>\n\t\t<div class=\"frm_radio\" id=\"frm_radio_13-2\"><label for=\"field_ssyat-2\">\t\t<input type=\"radio\" name=\"item_meta[13]\" id=\"field_ssyat-2\" value=\"Regular\"\n\t\t   data-reqmsg=\"Este campo no puede estar en blanco.\" data-invmsg=\"Atenci\u00f3n Enfermer\u00eda no es v\u00e1lido\" aria-invalid=\"false\"  \/> Regular<\/label><\/div>\n\t\t<div class=\"frm_radio\" id=\"frm_radio_13-3\"><label for=\"field_ssyat-3\">\t\t<input type=\"radio\" name=\"item_meta[13]\" id=\"field_ssyat-3\" value=\"Mala\"\n\t\t   data-reqmsg=\"Este campo no puede estar en blanco.\" data-invmsg=\"Atenci\u00f3n Enfermer\u00eda no es v\u00e1lido\" aria-invalid=\"false\"  \/> Mala<\/label><\/div>\n<\/div>\r\n    \r\n    \r\n<\/div>\n<div id=\"frm_field_14_container\" class=\"frm_form_field form-field  frm_required_field frm_top_container frm6 vertical_radio\">\r\n    <div  id=\"field_m0nxj_label\" class=\"frm_primary_label\">Higiene y Limpieza\r\n        <span class=\"frm_required\" aria-hidden=\"true\">*<\/span>\r\n    <\/div>\r\n    <div class=\"frm_opt_container\" aria-labelledby=\"field_m0nxj_label\" role=\"radiogroup\" aria-required=\"true\">\t\t<div class=\"frm_radio\" id=\"frm_radio_14-0\"><label for=\"field_m0nxj-0\">\t\t<input type=\"radio\" name=\"item_meta[14]\" id=\"field_m0nxj-0\" value=\"Muy Buena\"\n\t\t   data-reqmsg=\"Este campo no puede estar en blanco.\" data-invmsg=\"Higiene y Limpieza no es v\u00e1lido\" aria-invalid=\"false\"  \/> Muy Buena<\/label><\/div>\n\t\t<div class=\"frm_radio\" id=\"frm_radio_14-1\"><label for=\"field_m0nxj-1\">\t\t<input type=\"radio\" name=\"item_meta[14]\" id=\"field_m0nxj-1\" value=\"Buena\"\n\t\t   data-reqmsg=\"Este campo no puede estar en blanco.\" data-invmsg=\"Higiene y Limpieza no es v\u00e1lido\" aria-invalid=\"false\"  \/> Buena<\/label><\/div>\n\t\t<div class=\"frm_radio\" id=\"frm_radio_14-2\"><label for=\"field_m0nxj-2\">\t\t<input type=\"radio\" name=\"item_meta[14]\" id=\"field_m0nxj-2\" value=\"Regular\"\n\t\t   data-reqmsg=\"Este campo no puede estar en blanco.\" data-invmsg=\"Higiene y Limpieza no es v\u00e1lido\" aria-invalid=\"false\"  \/> Regular<\/label><\/div>\n\t\t<div class=\"frm_radio\" id=\"frm_radio_14-3\"><label for=\"field_m0nxj-3\">\t\t<input type=\"radio\" name=\"item_meta[14]\" id=\"field_m0nxj-3\" value=\"Mala\"\n\t\t   data-reqmsg=\"Este campo no puede estar en blanco.\" data-invmsg=\"Higiene y Limpieza no es v\u00e1lido\" aria-invalid=\"false\"  \/> Mala<\/label><\/div>\n<\/div>\r\n    \r\n    \r\n<\/div>\n<div id=\"frm_field_15_container\" class=\"frm_form_field form-field  frm_required_field frm_top_container frm6 frm_first vertical_radio\">\r\n    <div  id=\"field_te3xh_label\" class=\"frm_primary_label\">Servicio de Comidas\r\n        <span class=\"frm_required\" aria-hidden=\"true\">*<\/span>\r\n    <\/div>\r\n    <div class=\"frm_opt_container\" aria-labelledby=\"field_te3xh_label\" role=\"radiogroup\" aria-required=\"true\">\t\t<div class=\"frm_radio\" id=\"frm_radio_15-0\"><label for=\"field_te3xh-0\">\t\t<input type=\"radio\" name=\"item_meta[15]\" id=\"field_te3xh-0\" value=\"Muy Buena\"\n\t\t   data-reqmsg=\"Este campo no puede estar en blanco.\" data-invmsg=\"Servicio de Comidas no es v\u00e1lido\" aria-invalid=\"false\"  \/> Muy Buena<\/label><\/div>\n\t\t<div class=\"frm_radio\" id=\"frm_radio_15-1\"><label for=\"field_te3xh-1\">\t\t<input type=\"radio\" name=\"item_meta[15]\" id=\"field_te3xh-1\" value=\"Buena\"\n\t\t   data-reqmsg=\"Este campo no puede estar en blanco.\" data-invmsg=\"Servicio de Comidas no es v\u00e1lido\" aria-invalid=\"false\"  \/> Buena<\/label><\/div>\n\t\t<div class=\"frm_radio\" id=\"frm_radio_15-2\"><label for=\"field_te3xh-2\">\t\t<input type=\"radio\" name=\"item_meta[15]\" id=\"field_te3xh-2\" value=\"Regular\"\n\t\t   data-reqmsg=\"Este campo no puede estar en blanco.\" data-invmsg=\"Servicio de Comidas no es v\u00e1lido\" aria-invalid=\"false\"  \/> Regular<\/label><\/div>\n\t\t<div class=\"frm_radio\" id=\"frm_radio_15-3\"><label for=\"field_te3xh-3\">\t\t<input type=\"radio\" name=\"item_meta[15]\" id=\"field_te3xh-3\" value=\"Mala\"\n\t\t   data-reqmsg=\"Este campo no puede estar en blanco.\" data-invmsg=\"Servicio de Comidas no es v\u00e1lido\" aria-invalid=\"false\"  \/> Mala<\/label><\/div>\n<\/div>\r\n    \r\n    \r\n<\/div>\n<div id=\"frm_field_21_container\" class=\"frm_form_field form-field  frm_top_container frm6\">\r\n    <label for=\"field_a1j1q\" id=\"field_a1j1q_label\" class=\"frm_primary_label\">Cu\u00e9ntanos en que podemos mejorar\r\n        <span class=\"frm_required\" aria-hidden=\"true\"><\/span>\r\n    <\/label>\r\n    <textarea name=\"item_meta[21]\" id=\"field_a1j1q\" rows=\"5\"  data-invmsg=\"Cu\u00e9ntanos en que podemos mejorar no es v\u00e1lido\" aria-invalid=\"false\"  ><\/textarea>\r\n    \r\n    \r\n<\/div>\n\t<input type=\"hidden\" name=\"item_key\" value=\"\" \/>\n\t\t\t\t<div class=\"frm__65d51d3e7e518\">\n\t\t\t\t<label for=\"frm_email_2\" >\n\t\t\t\t\tSi eres humano, deja este campo en blanco.\t\t\t\t<\/label>\n\t\t\t\t<input  id=\"frm_email_2\" type=\"text\" class=\"frm_verify\" name=\"frm__65d51d3e7e518\" value=\"\" autocomplete=\"false\"  \/>\n\t\t\t<\/div>\n\t\t<div class=\"frm_submit frm_flex\">\r\n<button class=\"frm_button_submit frm_final_submit\" type=\"submit\"   formnovalidate=\"formnovalidate\">Enviar<\/button>\r\n\r\n\r\n\r\n<\/div><\/div>\n<\/fieldset>\n<\/div>\n<\/form>\n<\/div>\n","protected":false},"excerpt":{"rendered":"<p>Solicitamos a Ud. Informarnos como ha sido la atenci\u00f3n dispensada durante su estad\u00eda enesta Cl\u00ednica.La encuesta est\u00e1 dise\u00f1ada para mejorar la calidad de nuestra atenci\u00f3n y servicios.Su opini\u00f3n es muy importante<\/p>\n","protected":false},"author":1,"featured_media":0,"parent":0,"menu_order":0,"comment_status":"closed","ping_status":"closed","template":"","meta":{"footnotes":""},"class_list":["post-57","page","type-page","status-publish","hentry"],"_links":{"self":[{"href":"https:\/\/cnyf.com.ar\/noticias\/wp-json\/wp\/v2\/pages\/57","targetHints":{"allow":["GET"]}}],"collection":[{"href":"https:\/\/cnyf.com.ar\/noticias\/wp-json\/wp\/v2\/pages"}],"about":[{"href":"https:\/\/cnyf.com.ar\/noticias\/wp-json\/wp\/v2\/types\/page"}],"author":[{"embeddable":true,"href":"https:\/\/cnyf.com.ar\/noticias\/wp-json\/wp\/v2\/users\/1"}],"replies":[{"embeddable":true,"href":"https:\/\/cnyf.com.ar\/noticias\/wp-json\/wp\/v2\/comments?post=57"}],"version-history":[{"count":10,"href":"https:\/\/cnyf.com.ar\/noticias\/wp-json\/wp\/v2\/pages\/57\/revisions"}],"predecessor-version":[{"id":84,"href":"https:\/\/cnyf.com.ar\/noticias\/wp-json\/wp\/v2\/pages\/57\/revisions\/84"}],"wp:attachment":[{"href":"https:\/\/cnyf.com.ar\/noticias\/wp-json\/wp\/v2\/media?parent=57"}],"curies":[{"name":"wp","href":"https:\/\/api.w.org\/{rel}","templated":true}]}}